ase 3.
-1201
What is -1010 (base 2) in base 6?
-14
Convert -3 (base 15) to base 10.
-3
Convert -2 (base 15) to base 14.
-2
What is 11 (base 4) in base 13?
5
-203 (base 6) to base 7
-135
-1 (base 15) to base 8
-1
What is -10 (base 7) in base 4?
-13
12 (base 3) to base 9
5
2 (base 11) to base 7
2
-4 (base 12) to base 4
-10
-33 (base 4) to base 7
-21
What is 21 (base 14) in base 4?
131
-2340 (base 5) to base 12
-249
What is 101 (base 2) in base 15?
5
Convert 61 (base 7) to base 14.
31
What is 14 (base 15) in base 7?
25
What is 0 (base 2) in base 15?
0
Convert 10 (base 2) to base 15.
2
What is 14 (base 8) in base 9?
13
What is -8 (base 12) in base 7?
-11
What is 130 (base 9) in base 15?
73
-3 (base 11) to base 6
-3
Convert 104 (base 6) to base 11.
37
7 (base 12) to base 9
7
Convert 5 (base 10) to base 15.
5
4 (base 12) to base 7
4
Convert 2 (base 5) to base 16.
2
Convert -3 (base 10) to base 16.
-3
What is 21 (base 6) in base 13?
10
What is 100 (base 2) in base 16?
4
What is -29 (base 10) in base 11?
-27
What is -1 (base 12) in base 7?
-1
Convert 402 (base 7) to base 9.
240
-6 (base 13) to base 3
-20
What is -28 (base 12) in base 9?
-35
What is 0 (base 9) in base 10?
0
-213 (base 8) to base 11
-117
-24 (base 5) to base 10
-14
Convert -c (base 13) to base 11.
-11
-154 (base 11) to base 7
-345
-10 (base 15) to base 4
-33
What is -7 (base 14) in base 10?
-7
What is 7 (base 8) in base 15?
7
What is 13 (base 12) in base 13?
12
What is 30 (base 9) in base 7?
36
-1010 (base 7) to base 16
-15e
2 (base 11) to base 8
2
What is -16 (base 10) in base 6?
-24
Convert -14 (base 5) to base 15.
-9
Convert -7 (base 13) to base 5.
-12
Convert 70 (base 12) to base 3.
10010
Convert -6a (base 12) to base 9.
-101
Convert 2 (base 10) to base 4.
2
What is 1101101 (base 2) in base 7?
214
What is 3 (base 13) in base 6?
3
What is 2 (base 11) in base 13?
2
Convert 13 (base 9) to base 2.
1100
What is 0 (base 13) in base 12?
0
-33 (base 15) to base 6
-120
3 (base 12) to base 2
11
What is 100110 (base 2) in base 4?
212
-14 (base 10) to base 2
-1110
38 (base 14) to base 3
1212
Convert 1c (base 15) to base 9.
30
-2 (base 10) to base 5
-2
-81 (base 13) to base 15
-70
0 (base 16) to base 5
0
-11 (base 11) to base 13
-c
Convert -102 (base 13) to base 2.
-10101011
Convert -53 (base 11) to base 15.
-3d
Convert -10000 (base 2) to base 4.
-100
What is 3 (base 4) in base 11?
3
Convert -2 (base 5) to base 11.
-2
What is 210 (base 5) in base 13?
43
1 (base 14) to base 4
1
What is -1b (base 16) in base 8?
-33
Convert -58 (base 9) to base 7.
-104
-1 (base 9) to base 12
-1
Convert 5 (base 9) to base 15.
5
-40 (base 8) to base 14
-24
Convert 9 (base 15) to base 11.
9
Convert 2 (base 14) to base 2.
10
What is 33 (base 14) in base 2?
101101
Convert 11 (base 3) to base 11.
4
What is 1102 (base 4) in base 7?
145
What is -34 (base 5) in base 16?
-13
What is -14 (base 8) in base 6?
-20
-22 (base 14) to base 15
-20
Convert 82 (base 12) to base 7.
200
What is 120 (base 6) in base 11?
44
102 (base 6) to base 12
32
What is -4 (base 9) in base 3?
-11
Convert 173 (base 13) to base 4.
10013
What is 12 (base 6) in base 12?
8
What is 22 (base 13) in base 9?
31
Convert -2 (base 8) to base 16.
-2
What is -44 (base 8) in base 12?
-30
Convert 2 (base 7) to base 14.
2
Convert 0 (base 11) to base 7.
0
-4 (base 14) to base 5
-4
Convert -27 (base 11) to base 5.
-104
Convert 3 (base 7) to base 14.
3
152 (base 6) to base 4
1010
15 (base 6) to base 9
12
32 (base 7) to base 4
113
Convert -3 (base 5) to base 14.
-3
What is 43 (base 5) in base 3?
212
-1 (base 12) to base 16
-1
What is -312 (base 4) in base 5?
-204
What is -16 (base 10) in base 3?
-121
What is -3 (base 15) in base 16?
-3
Convert -200 (base 7) to base 2.
-1100010
What is -132 (base 8) in base 6?
-230
What is -5b (base 12) in base 6?
-155
-41 (base 14) to base 12
-49
-6 (base 16) to base 7
-6
Convert -b4 (base 13) to base 7.
-300
-140 (base 7) to base 8
-115
Convert -3 (base 7) to base 6.
-3
Convert -8 (base 16) to base 15.
-8
Convert 0 (base 5) to base 16.
0
-1 (base 5) to base 15
-1
Convert -b (base 14) to base 4.
-23
Convert 200 (base 3) to base 5.
33
Convert 9 (base 15) to base 12.
9
What is 6 (base 12) in base 6?
10
Convert 0 (base 4) to base 8.
0
-322 (base 4) to base 5
-213
Convert -104 (base 8) to base 3.
-2112
-8 (base 12) to base 13
-8
78 (base 9) to base 14
51
Convert 2 (base 15) to base 4.
2
-411 (base 5) to base 12
-8a
2a (base 12) to base 16
22
Convert 31 (base 8) to base 13.
1c
What is -4 (base 16) in base 9?
-4
-100 (base 2) to base 10
-4
0 (base 12) to base 11
0
Convert -3123 (base 4) to base 6.
-1003
What is -122 (base 3) in base 2?
-10001
What is 4 (base 11) in base 13?
4
Convert 54 (base 12) to base 15.
44
1 (base 4) to base 3
1
Convert 2 (base 6) to base 12.
2
What is -4 (base 7) in base 2?
-100
Convert 2331 (base 4) to base 13.
117
What is 1231 (base 4) in base 6?
301
What is -5b (base 15) in base 14?
-62
3233 (base 4) to base 16
ef
What is 56 (base 12) in base 8?
102
2 (base 13) to base 14
2
Convert -1010110 (base 2) to base 16.
-56
-1120 (base 3) to base 14
-30
3 (base 16) to base 10
3
Convert 12000 (base 3) to base 9.
160
Convert -3c (base 16) to base 12.
-50
Convert 11001 (base 2) to base 5.
100
What is -42 (base 7) in base 12?
-26
-19 (base 13) to base 12
-1a
What is -35 (base 10) in base 16?
-23
145 (base 6) to base 2
1000001
122 (base 15) to base 2
100000001
What is 35 (base 7) in base 8?
32
Convert 1c7 (base 14) to base 16.
173
15 (base 10) to base 2
1111
4 (base 10) to base 5
4
What is -2 (base 6) in base 14?
-2
What is 58 (base 9) in base 7?
104
What is -4 (base 16) in base 13?
-4
40 (base 16) to base 4
1000
Convert -1 (base 7) to base 11.
-1
What is 9 (base 15) in base 14?
9
10 (base 5) to base 9
5
Convert -4 (base 8) to base 9.
-4
Convert -1 (base 16) to base 14.
-1
What is 2 (base 8) in base 13?
2
-52 (base 14) to base 11
-66
What is 11 (base 7) in base 11?
8
What is 11 (base 14) in base 16?
f
What is -6 (base 13) in base 4?
-12
-3 (base 4) to base 9
-3
61 (base 9) to base 2
110111
What is 5 (base 11) in base 8?
5
-110 (base 2) to base 7
-6
-21 (base 4) to base 11
-9
2 (base 4) to base 5
2
What is 4 (base 10) in base 5?
4
Convert -6 (base 9) to base 2.
-110
-1001 (base 2) to base 16
-9
Convert -12 (base 5) to base 4.
-13
What is -11101 (base 3) in base 10?
-118
-13 (base 6) to base 16
-9
Convert -e (base 16) to base 9.
-15
Convert -2 (base 10) to base 5.
-2
What is -1212 (base 3) in base 10?
-50
What is 421 (base 5) in base 7?
216
Convert 0 (base 10) to base 14.
0
What is -45 (base 16) in base 7?
-126
What is 24 (base 7) in base 15?
13
What is -4 (base 6) in base 7?
-4
What is 91 (base 11) in base 3?
10201
What is 111 (base 2) in base 11?
7
-100110011 (base 2) to base 4
-10303
What is 181 (base 16) in base 2?
110000001
Convert -200 (base 3) to base 9.
-20
Convert 3 (base 14) to base 11.
3
Convert 9 (base 13) to base 7.
12
Convert 5 (base 13) to base 9.
5
What is -3 (base 8) in base 10?
-3
-24 (base 5) to base 13
-11
What is 1 (base 11) in base 8?
1
Convert -43 (base 9) to base 3.
-1110
Convert -10103 (base 4) to base 7.
-542
-4 (base 11) to base 4
-10
What is -b9 (base 13) in base 11?
-129
What is -121 (base 13) in base 9?
-237
What is -11 (base 10) in base 8?
-13
-3 (base 11) to base 7
-3
What is -3 (base 12) in base 8?
-3
16 (base 7) to base 13
10
What is -a (base 13) in base 3?
-101
What is -103 (base 10) in base 6?
-251
-2 (base 5) to base 6
-2
What is -4 (base 6) in base 7?
-4
-4 (base 13) to base 8
-4
-53 (base 9) to base 2
-110000
What is -2 (base 5) in base 14?
-2
What is -68 (base 12) in base 3?
-2222
Convert -10d (base 16) to base 9.
-328
-7 (base 11) to base 3
-21
What is -1 (base 4) in base 3?
-1
-10000 (base 3) to base 16
-51
What is 12 (base 14) in base 9?
17
Convert -2 (base 16) to base 6.
-2
Convert 11 (base 4) to base 12.
5
What is 2 (base 3) in base 13?
2
Convert -24 (base 7) to base 16.
-12
What is 1 (base 4) in base 7?
1
What is 12 (base 7) in base 3?
100
-20 (base 3) to base 13
-6
What is 11 (base 2) in base 13?
3
What is -2 (base 14) in base 4?
-2
-12 (base 10) to base 2
-1100
253 (base 9) to base 5
1320
What is -30 (base 4) in base 13?
-c
18 (base 12) to base 5
40
What is 8 (base 11) in base 10?
8